{"id":459,"date":"2026-04-23T13:35:36","date_gmt":"2026-04-23T13:35:36","guid":{"rendered":"https:\/\/saojosedalaje.al.gov.br\/?page_id=459"},"modified":"2026-04-23T13:35:36","modified_gmt":"2026-04-23T13:35:36","slug":"sao-jose-da-laje-atinge-100-de-alfabetizacao-e-recebe-o-selo-ouro-de-excelencia","status":"publish","type":"page","link":"https:\/\/saojosedalaje.al.gov.br\/?page_id=459","title":{"rendered":"S\u00e3o Jos\u00e9 da Laje atinge 100% de alfabetiza\u00e7\u00e3o e recebe o Selo Ouro de excel\u00eancia"},"content":{"rendered":"\n<figure class=\"wp-block-image size-large\"><img loading=\"lazy\" decoding=\"async\" width=\"1024\" height=\"681\" src=\"https:\/\/saojosedalaje.al.gov.br\/wp-content\/uploads\/2026\/04\/selo-ouro-de-exelencia-1-1024x681.jpeg\" alt=\"\" class=\"wp-image-460\" srcset=\"https:\/\/saojosedalaje.al.gov.br\/wp-content\/uploads\/2026\/04\/selo-ouro-de-exelencia-1-1024x681.jpeg 1024w, https:\/\/saojosedalaje.al.gov.br\/wp-content\/uploads\/2026\/04\/selo-ouro-de-exelencia-1-300x199.jpeg 300w, https:\/\/saojosedalaje.al.gov.br\/wp-content\/uploads\/2026\/04\/selo-ouro-de-exelencia-1-768x511.jpeg 768w, https:\/\/saojosedalaje.al.gov.br\/wp-content\/uploads\/2026\/04\/selo-ouro-de-exelencia-1.jpeg 1280w\" sizes=\"auto, (max-width: 1024px) 100vw, 1024px\" \/><\/figure>\n\n\n\n<p>Na manh\u00e3 desta sexta-feira, 17 de abril, S\u00e3o Jos\u00e9 da Laje celebrou um dos marcos mais significativos de sua hist\u00f3ria administrativa. Em uma solenidade emocionante realizada no Audit\u00f3rio da Secretaria Municipal de Educa\u00e7\u00e3o, a Prefeita Angela Vanessa, acompanhada da Secret\u00e1ria de Educa\u00e7\u00e3o Glaudes Souza e demais autoridades, oficializou a entrega local do Selo Ouro de Alfabetiza\u00e7\u00e3o, referente ao ano-base 2025.<\/p>\n\n\n\n<p>Refer\u00eancia Nacional e Estadual, com o alcance da meta de 100% de crian\u00e7as alfabetizadas na idade certa, o munic\u00edpio consolidou sua posi\u00e7\u00e3o no topo do cen\u00e1rio educacional brasileiro. Atualmente, S\u00e3o Jos\u00e9 da Laje faz parte de um grupo restrito de apenas 122 munic\u00edpios no Brasil \u2014 e apenas 4 no estado de Alagoas \u2014 que atingiram a marca da alfabetiza\u00e7\u00e3o plena.<\/p>\n\n\n\n<p>A evolu\u00e7\u00e3o dos indicadores demonstra a efic\u00e1cia das pol\u00edticas p\u00fablicas implementadas. O munic\u00edpio saltou de um \u00edndice de 95,31% em 2024 para os atuais 100%, progredindo do N\u00edvel 4 para o N\u00edvel 5, que representa o patamar m\u00e1ximo de excel\u00eancia reconhecido pelo Governo Federal com Valoriza\u00e7\u00e3o Profissional e Meritocracia.<\/p>\n\n\n\n<p>Como parte da pol\u00edtica de incentivo por desempenho, foram entregues bonifica\u00e7\u00f5es financeiras aos docentes que se destacaram nos crit\u00e9rios de flu\u00eancia em leitura e escrita dos 2\u00ba anos: 1\u00ba lugar: Karla Tatiane Martins Campos (Escola Municipal Prefeito Jos\u00e9 Nunes de Arruda) \u2013 Premiada com R$ 3.000,00. 2\u00ba lugar: Ant\u00f4nio Peixoto da Silva Junior (Escola Municipal Profa. Vanda Paiva) \u2013 Premiado com R$ 2.000,00. 3\u00ba lugar: Maria Bet\u00e2nia da Concei\u00e7\u00e3o (Escola Municipal Hosana Ara\u00fajo) \u2013 Premiada com R$ 1.500,00.<\/p>\n\n\n\n<p>A conquista do Selo Ouro \u00e9 o reflexo de um trabalho coletivo que envolve investimento em infraestrutura, forma\u00e7\u00e3o continuada e o apoio fundamental das fam\u00edlias lajenses. Todos os docentes de 1\u00ba e 2\u00ba anos foram homenageados como os grandes arquitetos desta estat\u00edstica hist\u00f3rica. &#8220;Este resultado \u00e9 a prova de que o compromisso social com cada crian\u00e7a lajense \u00e9 nossa prioridade absoluta. O trabalho da prefeita Vanessa e da Vice Ravena n\u00e3o para, e o nosso foco continua sendo o futuro de nossa gente&#8221;, destacou a gest\u00e3o municipal durante o encerramento.<\/p>\n\n\n\n<p><\/p>\n","protected":false},"excerpt":{"rendered":"<p>Na manh\u00e3 desta sexta-feira, 17 de abril, S\u00e3o Jos\u00e9 da Laje celebrou um dos marcos mais significativos de sua hist\u00f3ria administrativa. Em uma solenidade emocionante realizada no Audit\u00f3rio da Secretaria Municipal de Educa\u00e7\u00e3o, a Prefeita Angela Vanessa, acompanhada da Secret\u00e1ria de Educa\u00e7\u00e3o Glaudes Souza e demais autoridades, oficializou a entrega local do Selo Ouro de [&hellip;]<\/p>\n","protected":false},"author":3,"featured_media":0,"parent":0,"menu_order":0,"comment_status":"closed","ping_status":"closed","template":"","meta":{"ngg_post_thumbnail":0,"footnotes":""},"class_list":["post-459","page","type-page","status-publish","hentry"],"_links":{"self":[{"href":"https:\/\/saojosedalaje.al.gov.br\/index.php?rest_route=\/wp\/v2\/pages\/459","targetHints":{"allow":["GET"]}}],"collection":[{"href":"https:\/\/saojosedalaje.al.gov.br\/index.php?rest_route=\/wp\/v2\/pages"}],"about":[{"href":"https:\/\/saojosedalaje.al.gov.br\/index.php?rest_route=\/wp\/v2\/types\/page"}],"author":[{"embeddable":true,"href":"https:\/\/saojosedalaje.al.gov.br\/index.php?rest_route=\/wp\/v2\/users\/3"}],"replies":[{"embeddable":true,"href":"https:\/\/saojosedalaje.al.gov.br\/index.php?rest_route=%2Fwp%2Fv2%2Fcomments&post=459"}],"version-history":[{"count":1,"href":"https:\/\/saojosedalaje.al.gov.br\/index.php?rest_route=\/wp\/v2\/pages\/459\/revisions"}],"predecessor-version":[{"id":461,"href":"https:\/\/saojosedalaje.al.gov.br\/index.php?rest_route=\/wp\/v2\/pages\/459\/revisions\/461"}],"wp:attachment":[{"href":"https:\/\/saojosedalaje.al.gov.br\/index.php?rest_route=%2Fwp%2Fv2%2Fmedia&parent=459"}],"curies":[{"name":"wp","href":"https:\/\/api.w.org\/{rel}","templated":true}]}}